 h and 7?
7
Suppose 2 = -3*w - 1, 2*f + 2*w = 0. What is the greatest common factor of 2 and f?
1
Let y = -4 - -2. Let k be 1355/35 + y/(-7). What is the greatest common factor of k and 13?
13
Let w be 3/(-4) - (-4284)/(-48). Let v = 174 + w. Calculate the greatest common divisor of 12 and v.
12
Suppose -w + 23 = b, 0 = 7*w - 3*w + 5*b - 89. What is the greatest common factor of w and 26?
26
Let u = 21 + -15. What is the greatest common divisor of u and 4?
2
Suppose -3*y + 20 = 2*y. Let a(u) = 12*u - 4. Let b be a(4). Calculate the highest common divisor of y and b.
4
Let k be (-28)/112 - (0 - (-122)/(-8)). Calculate the highest common factor of 75 and k.
15
Let c be 1207/(-4) + (-2)/8. Let h = 428 + c. Calculate the highest common factor of h and 14.
14
Suppose 4*i = -0*i + 100. Suppose -23 = -3*l + i. Let f(n) = -n - 1. Let h be f(-3). What is the highest common factor of h and l?
2
Suppose -3 = -m - 2. Let x be (1 + -2)*m - -81. Suppose 4*g + 12 = x. Calculate the highest common divisor of 136 and g.
17
Let w = -9 - -13. Let a = -20 + 22. What is the highest common divisor of a and w?
2
Let u = 18 - 6. What is the highest common divisor of 96 and u?
12
Let p(l) = 6*l**2 - 1. Let o be p(1). Let x = 1 + 9. What is the greatest common divisor of x and o?
5
Suppose 0 = -2*b + 6*b - 192. Let g = b - 23. What is the greatest common factor of 5 and g?
5
Let i(o) = -79*o**3 + 1. Let u be i(-1). Suppose -4*p + u = 24. Let n be 13 - (-1 + 0)*1. What is the greatest common factor of n and p?
14
Let u(v) = -5 - 1 + v**2 + 4 + v. Let s be u(-5). Calculate the highest common divisor of s and 12.
6
Let w(f) = 7*f**2 + 5*f + 9. Let v be w(-2). Calculate the highest common factor of 3 and v.
3
Suppose -4*v + 12 = -v - 2*i, 3*v - 5*i - 21 = 0. Let s be ((-35)/21)/(v/(-42)). Calculate the greatest common divisor of s and 7.
7
Let i = 21 - 7. Let r be 7*(2 + 8/i). Let z = -9 + r. Calculate the highest common divisor of z and 72.
9
Suppose -4*n + 6*n - 48 = -4*x, 2*n + 3*x - 50 = 0. What is the highest common divisor of n and 252?
28
Let k(i) = -i**2 + 14*i + 12. Let q be k(13). Calculate the highest common factor of 50 and q.
25
Let l = 16 + -10. Let r = 7 - 1. Calculate the highest common factor of r and l.
6
Let r be (-4)/(-3)*(-9)/(-6). Suppose -x = r*x - 6. What is the greatest common divisor of 14 and x?
2
Suppose -5*u + 220 = -95. What is the highest common divisor of 84 and u?
21
Suppose -120 = -4*x - 44. What is the greatest common factor of x and 152?
19
Let r(d) = 22*d**2 + d + 1. Let t be r(-1). Calculate the highest common divisor of 110 and t.
22
Suppose -l - 4*r - 11 = 0, -7*l - 3*r - 8 = -6*l. Let a be (-2)/(-4) - 26/(-4). What is the greatest common divisor of l and a?
1
Let o(h) be the second derivative of -3*h**2 + 3*h + 0 - 5/6*h**3. Let s be o(-4). Calculate the greatest common divisor of 126 and s.
14
Let b = -11 + 5. Let v = b - -22. Calculate the highest common factor of v and 144.
16
Suppose 0 = 4*z + q - 47, 4*q + 27 = 3*z + 6. Calculate the greatest common factor of 187 and z.
11
Let n = 129 - 96. What is the greatest common factor of 231 and n?
33
Let n(z) = 5*z**2 - 2*z + 4. Let q be n(-6). Calculate the highest common factor of 28 and q.
28
Suppose 0*q - 92 = -q. Suppose 0*o - 4*o + q = 0. What is the greatest common factor of o and 184?
23
Let c = 1 + -5. Let y(z) = -z**3 - 3*z**2 + z + 1. Let a be y(c). Calculate the highest common factor of 117 and a.
13
Suppose -v + 5*f = f - 13, 5*v + f - 149 = 0. Let w = v - 21. What is the highest common factor of w and 2?
2
Let m(n) = -n**3 + 2*n**2 + 50. Let c be m(0). Calculate the highest common divisor of 200 and c.
50
Let o(x) = 6*x**3 + x**2 - x + 1. Suppose 2*v + 0*v = 2. Let r be o(v). Suppose -r*i = -3*i - 20. Calculate the greatest common factor of i and 20.
5
Let c = 86 + -64. Calculate the highest common factor of c and 154.
22
Let w(x) be the second derivative of 5*x**4/6 - x**3/6 + 7*x. Let b be w(1). Calculate the highest common divisor of 27 and b.
9
Let z(i) = -i**3 + 11*i**2 - 12*i - 10. Let m be z(9). Calculate the highest common divisor of 66 and m.
22
Suppose 34 + 11 = 3*f. Suppose -3 - 6 = -3*s. Calculate the highest common factor of s and f.
3
Suppose 0 = 4*a + 2*w - 20, w = -2*a - w + 10. Calculate the greatest common divisor of a and 35.
5
Let l = -9 - -13. Let z be (2 + -1)/(l/36). Calculate the highest common divisor of 63 and z.
9
Suppose 3*a - 13 = 4*g, a = -2*g + 1 + 20. What is the highest common factor of 77 and a?
11
Let f = -78 + 54. Let n be 85*(2 - f/(-10)). Let k = -20 - n. Calculate the greatest common factor of k and 14.
14
Let m be (-1 - (3 + -4)) + -1. Let c be m + 1 - 90/(-10). Calculate the highest common factor of 36 and c.
9
Suppose -p + 2 = -0*p. Suppose -p*r + 84 = 2*r. Let w be (-1)/4 - 285/(-20). Calculate the greatest common divisor of r and w.
7
Suppose -5*g + 80 = 5*f, -5*f + 2*g + 37 = -36. Let y be (-2)/(-6)*18/2. What is the greatest common factor of y and f?
3
Suppose o + 2 = 8. Let h be (2/2)/((-2)/o). Let u be 5/2 - h/6. Calculate the greatest common factor of 15 and u.
3
Suppose 0 = 6*h - h - 275. Let b = h + -39. Calculate the highest common divisor of 48 and b.
16
Let z(j) = 86*j**2 + 2*j - 1. Let s be z(1). Suppose -4*b = b. Suppose p - 3*r - s = b, -3*p + 79 = -2*p + r. Calculate the greatest common factor of p and 9.
9
Let x(p) = -2*p**2 + 20*p - 12. Let c(w) = w**2 - 10*w + 6. Let o(g) = 13*c(g) + 6*x(g). Let b be o(10). Calculate the highest common divisor of b and 42.
6
Let f(c) = c**3 - 7*c**2 + 2*c - 3. Let u be f(7). Suppose 4*x - 110 = 3*x. What is the greatest common divisor of u and x?
11
Suppose 0 = r - 0 - 25. Let s be 390/r - (-4)/10. What is the highest common factor of 24 and s?
8
Suppose -4*l + 33 = -x, 0*l - 2*x = l - 15. Let j be 12/54 - (-142)/l. Let t(k) = k**2 - 2*k - 4. Let d be t(4). What is the greatest common factor of d and j?
4
Let b(j) = j**3 - 5*j**2 + 6*j - 4. Let z be b(4). Suppose z*i - 18 = 126. What is the greatest common divisor of i and 12?
12
Let c = 52 + -12. Let i be 34/1 - 2 - 3. Let m = c - i. Calculate the greatest common divisor of m and 11.
11
Let l(b) be the third derivative of -b**4/12 - b**3/6 - 2*b**2. Let w be l(-11). Calculate the greatest common factor of w and 231.
21
Let j = -3 - -1. Let q be 2/4*j*-6. Let n(u) = 2*u**2 - u + 3. Let f be n(5). What is the greatest common divisor of q and f?
6
Suppose -z = -3*z + 126. Suppose -q - 3*h + z = q, -q + 3*h + 54 = 0. What is the highest common divisor of q and 26?
13
Suppose -q + 13 = -131. Let l be 3/(-5)*(-10 + 5). Suppose -2*z - 78 = -5*s, 5*s + 5*z - l*z - 82 = 0. Calculate the greatest common divisor of s and q.
16
Let i = -9 - -89. Let g be 14 + (2 + 8/(-3))*-3. Calculate the highest common factor of i and g.
16
Let f be (-4)/(-1) + (-70)/(-7). Let v(i) = -3*i**3 - 3*i**2 - 3*i - 2. Let a be v(-4). What is the greatest common factor of a and f?
14
Let w be 3/2*(-78)/(-9). Calculate the highest common factor of w and 65.
13
Let p(t) = -t**3 + 20*t**2 + 7. Let f be p(20). Let l = 10 - -18. What is the greatest common divisor of l and f?
7
Let g be ((-2)/4)/(2/(-96)) + 3. Calculate the highest common factor of 18 and g.
9
Let b be 4/(-12) - 328/(-12). Let a(c) = -c**3 - 5*c**2 - c + 1. Let i be a(-4). Let o = 20 + i. Calculate the greatest common factor of b and o.
9
Let u(m) = -m**2 - m - 1. Let r be u(-2). Let y be 9/6*(-10)/r. Let h(f) = 2*f**2 + f - 1. Let g be h(3). What is the greatest common divisor of g and y?
5
Let z(q) = 55*q**2 - q + 4. Let w(u) = 1. Let h(d) = -6*w(d) + z(d). Let f be h(2). Calculate the highest common divisor of f and 24.
24
Let v(o) = -o - 1. Let l be v(-4). Let t = l + -1. Suppose 13*k = 2*k + 176. What is the highest common factor of k and t?
2
Let m be 20/(-6)*(-9)/6. Suppose -2*p + 149 = -m*w, 2*w - 247 + 33 = -3*p. Calculate the highest common divisor of 24 and p.
24
Suppose 5*y = q + 227, 2*y = 6*y - 3*q - 186. What is the greatest common factor of 9 and y?
9
Let h be ((-6)/3 + 12)/(12/150). Calculate the highest common factor of 25 and h.
25
Let w be 864/40 + 2/(-10)*-2. What is the greatest common divisor of w and 2?
2
Suppose -4*c = -3*n + 137, -58 = -2*n - 0*n - 4*c. Suppose 3*d = -v 